{"id":41,"date":"2023-06-05T06:11:25","date_gmt":"2023-06-05T06:11:25","guid":{"rendered":"https:\/\/naani.org\/?page_id=41"},"modified":"2023-06-05T10:19:10","modified_gmt":"2023-06-05T10:19:10","slug":"harjoitustehtava-2","status":"publish","type":"page","link":"https:\/\/naani.org\/index.php\/harjoitustehtava-2\/","title":{"rendered":""},"content":{"rendered":"\n<figure class=\"wp-block-image aligncenter size-full\"><img loading=\"lazy\" decoding=\"async\" width=\"500\" height=\"150\" src=\"https:\/\/naani.org\/wp-content\/uploads\/2023\/06\/Uutta-oppimassa-1-1.png\" alt=\"\" class=\"wp-image-45\" srcset=\"https:\/\/naani.org\/wp-content\/uploads\/2023\/06\/Uutta-oppimassa-1-1.png 500w, https:\/\/naani.org\/wp-content\/uploads\/2023\/06\/Uutta-oppimassa-1-1-300x90.png 300w\" sizes=\"auto, (max-width: 500px) 100vw, 500px\" \/><\/figure>\n\n\n\n<p>Ikuinen oppija. Aina v\u00e4h\u00e4n pihalla siit\u00e4, mihin suunnata seuraavaksi. Oman polun etsij\u00e4. Nopea innostumaan, huonompi saattamaan asiat loppuun &#8211; paitsi jos motivaatio on oikein kohdillaan. Sellainen min\u00e4 olen, aina ollut. Keskiverto koululainen lahjakkaiden oppilaiden joukossa. Usko omiin taitoihin on ollut koetuksella monta kertaa.<\/p>\n\n\n\n<p>Lukion j\u00e4lkeen hain opiskelemaan luokanopettajaksi. T\u00e4m\u00e4 tie kariutui soveltuvuuskokeeseen ja t\u00e4ss\u00e4 kohtaa voin todeta, ett\u00e4 varmaan parempi n\u00e4in. Sen j\u00e4lkeen piti &#8221;hakea vaan johonkin&#8221;, hain opiskelemaan sosionomiksi. P\u00e4\u00e4sin sis\u00e4\u00e4n varasijalta, en muista edes lukeneeni p\u00e4\u00e4sykoekirjaa. Sis\u00e4\u00e4np\u00e4\u00e4sy ei tuntunut milt\u00e4\u00e4n saavutukselta, se nyt vain oli pakollinen paha, jotta p\u00e4\u00e4sisi el\u00e4m\u00e4ss\u00e4 eteenp\u00e4in. Opinnot eiv\u00e4t juurikaan inspiroineet tai innostaneet, joten hain silloisen poikayst\u00e4v\u00e4n, nykyisen aviopuolisoni, jalanj\u00e4ljiss\u00e4 opiskelemaan oikeustieteit\u00e4. Opiskelupaikka ei auennut, 0,5 pistett\u00e4 olisin tarvinnut lis\u00e4\u00e4. Vietiin homma loppuun saakka &#8211; hallinto-oikeuteen asti, mutta sek\u00e4\u00e4n ei auttanut. Motivaationi oikeustieteelliseen hakemisessa oli l\u00e4hinn\u00e4 statuksen tavoittelu ja sen n\u00e4ytt\u00e4minen, ett\u00e4 minusta on johonkin. Ajatus siit\u00e4, ett\u00e4 voisin sanoa muille &#8221;katsokaa nyt, en ole tyhm\u00e4!&#8221; innosti. Vaikka sis\u00e4\u00e4np\u00e4\u00e4sy oli ihan hiuskarvan varassa, j\u00e4ljelle j\u00e4i vain olo omasta huonoudesta. En p\u00e4\u00e4ssyt opiskelemaan, en ole riitt\u00e4v\u00e4n hyv\u00e4.<\/p>\n\n\n\n<p>Opinnot ammattikorkeakoulussa jatkuivat ja tein opintojen loppupuolella harjoittelun nykyiseen ty\u00f6paikkaani. J\u00e4in harkkapaikkaan t\u00f6ihin ja valmistuin. Sill\u00e4 tiell\u00e4 olen edelleen, syksyll\u00e4 tulee t\u00e4yteen 10 vuotta siit\u00e4, kun sain ty\u00f6paikkani avaimet kouraan. Matkalla olen nauttinut, turhautunut, innostunut, oppinut uutta, saanut aivan \u00e4\u00e4rimm\u00e4isen upean ty\u00f6yhteis\u00f6n el\u00e4m\u00e4\u00e4ni. Olen p\u00e4\u00e4ssyt koulutuksellani tekem\u00e4\u00e4n ty\u00f6t\u00e4, joka liippaa &#8221;omaa alaa&#8221;, mutta ei ole sit\u00e4 perinteist\u00e4 sosiaalialan ty\u00f6t\u00e4. Teen viestint\u00e4\u00e4, markkinointia, koulutan, luennoin, ker\u00e4\u00e4n dataa ja kirjoitan selvityksi\u00e4, olen mukana tapahtumissa ja jos vaikka mit\u00e4. Ty\u00f6ss\u00e4ni on paljon elementtej\u00e4, joista pid\u00e4n. Samalla kaipaan kuitenkin jotain aivan muuta.<\/p>\n\n\n\n<p>Ty\u00f6el\u00e4m\u00e4n ohessa olen opiskellut melko paljon niin ty\u00f6h\u00f6n liittyen kuin sitten omalla ajalla ja jotain ns. ihan muuta. En viel\u00e4k\u00e4\u00e4n tied\u00e4, mit\u00e4 haluaisin tehd\u00e4 isona, joten olen l\u00e4htenyt l\u00e4hestym\u00e4\u00e4n asiaa muun muassa avoimen yliopiston koulutustarjonnan kautta.<\/p>\n\n\n\n<p><\/p>\n\n\n\n<p><style>\/*! elementor - v3.13.1 - 09-05-2023 *\/<br \/>\n.elementor-toggle{text-align:left}.elementor-toggle .elementor-tab-title{font-weight:700;line-height:1;margin:0;padding:15px;border-bottom:1px solid #d5d8dc;cursor:pointer;outline:none}.elementor-toggle .elementor-tab-title .elementor-toggle-icon{display:inline-block;width:1em}.elementor-toggle .elementor-tab-title .elementor-toggle-icon svg{-webkit-margin-start:-5px;margin-inline-start:-5px;width:1em;height:1em}.elementor-toggle .elementor-tab-title .elementor-toggle-icon.elementor-toggle-icon-right{float:right;text-align:right}.elementor-toggle .elementor-tab-title .elementor-toggle-icon.elementor-toggle-icon-left{float:left;text-align:left}.elementor-toggle .elementor-tab-title .elementor-toggle-icon .elementor-toggle-icon-closed{display:block}.elementor-toggle .elementor-tab-title .elementor-toggle-icon .elementor-toggle-icon-opened{display:none}.elementor-toggle .elementor-tab-title.elementor-active{border-bottom:none}.elementor-toggle .elementor-tab-title.elementor-active .elementor-toggle-icon-closed{display:none}.elementor-toggle .elementor-tab-title.elementor-active .elementor-toggle-icon-opened{display:block}.elementor-toggle .elementor-tab-content{padding:15px;border-bottom:1px solid #d5d8dc;display:none}@media (max-width:767px){.elementor-toggle .elementor-tab-title{padding:12px}.elementor-toggle .elementor-tab-content{padding:12px 10px}}.e-con-inner>.elementor-widget-toggle,.e-con>.elementor-widget-toggle{width:var(--container-widget-width);--flex-grow:var(--container-widget-flex-grow)}<\/style><\/p>\n\n\n\n<p><a>Tuotekehitysty\u00f6n erikoisammattitutkinto<\/a><\/p>\n\n\n\n<p>N\u00e4m\u00e4 opinnot suoritan oppisopimuksella ty\u00f6paikallani. P\u00e4\u00e4paino palvelumuotoilussa, josta kiinnostuin er\u00e4\u00e4n projektin aikaan t\u00f6iss\u00e4. Ilahduttavan monik\u00e4ytt\u00f6ist\u00e4 oppia tarjoava koulutus, josta on varmasti hy\u00f6ty\u00e4 tulevaisuudessa \u2013 mihin ikin\u00e4 p\u00e4\u00e4dynkin urallani!<\/p>\n\n\n\n<p><a>Digitaalisen osaamisen perusteet<\/a><\/p>\n\n\n\n<p>Tieto- ja viestint\u00e4teknologia her\u00e4tti kiinnostukseni, kun selailin Jyv\u00e4skyl\u00e4n avoimen yliopiston kursseja. Paljon on ollut tuttua juttua, mutta toisaalta on tullut my\u00f6s pys\u00e4hdytty\u00e4 asioiden \u00e4\u00e4relle ja l\u00f6ydetty\u00e4 uusia tapoja tehd\u00e4 asioita fiksummin ja tehokkaammin. On ollut eritt\u00e4in antoisa kurssi kokonaisuudessaan!<\/p>\n\n\n\n<p><a>Kemian perusteet<\/a><\/p>\n\n\n\n<p>Helsingin avoimessa yliopistossa 5 op. Lukiossa en osannut mielest\u00e4ni lainkaan kemiaa ja pidin itse\u00e4ni t\u00e4ysin matemaattisesti lahjattomana. P\u00e4\u00e4tin ottaa revanssin ollessani kuopuksen kanssa perhevapailla ja sain huomata, ett\u00e4 osaanhan min\u00e4 jos vaikka mit\u00e4, kun motivaatio on kohdillaan! Nautin valtavasti laskuteht\u00e4vist\u00e4 ja ihan vaan siit\u00e4, ett\u00e4 hoksasin hankalia asioita. En kuitenkaan usko, ett\u00e4 t\u00e4m\u00e4 on oma suuntani.<\/p>\n\n\n\n<p><a>Tietokoneen toiminnan perusteet<\/a><\/p>\n\n\n\n<p>Tietojenk\u00e4sittelytieteen avoimia opintoja. J\u00e4lleen kerran itsest\u00e4\u00e4nselvyyksist\u00e4 syv\u00e4llisemp\u00e4\u00e4 ymm\u00e4rryst\u00e4 ja maailmankuvan laajentamista. Eritt\u00e4in hyv\u00e4 kokonaisuus!<\/p>\n\n\n\n<p><a>Sosiaalipsykologiset silm\u00e4lasit, ensisovitus<\/a><\/p>\n\n\n\n<p>Helsingin avoin yliopisto, 5 op. Sosiaalitieteiden perusopintoja ajalta, kun ajattelin, ett\u00e4 oma suunta voisi olla sosiaalitieteiden puolella. Mielenkiintoisia aiheita ja psykologia itsess\u00e4\u00e4n on kyll\u00e4 \u00e4\u00e4rimm\u00e4isen kiinnostava ala.<\/p>\n\n\n\n<p><a>Johdatus yhteiskuntatilastotieteeseen, osa 1<\/a><\/p>\n\n\n\n<p>Helsingin avoin yliopisto, 5 op. Sosiaalitieteiden perusopintoja. Ei ihmeemp\u00e4\u00e4 mainittavaa, oli ihan mielenkiintoista, mutta ei sit\u00e4 ominta juttua.<\/p>\n\n\n\n<p><a>Sosiaaliset maailmat<\/a><\/p>\n\n\n\n<p>Helsingin avoin yliopisto, 5 op. Sosiaalitieteiden perusopintoja. Mielenkiintoista asiaa, mutta ei sit\u00e4 ominta juttua.<\/p>\n\n\n\n<p><a>Johdatus tietojenk\u00e4sittelytieteeseen<\/a><\/p>\n\n\n\n<p>Helsingin avoin yliopisto, 5 op. Tietojenk\u00e4sittelytiede on kiinnostanut itse\u00e4ni jo pidemm\u00e4n aikaa, koodaaminen on hauskaa ja ongelmanratkaisu tuottaa paljon riemua \u2013 toki sit\u00e4 tuskaakin my\u00f6s, kun ei vaan ymm\u00e4rr\u00e4.<\/p>\n\n\n\n<p><a>Johdatus oikeustieteeseen<\/a><\/p>\n\n\n\n<p>Helsingin avoin yliopisto, 2 op. Suunnittelin l\u00e4htev\u00e4ni opiskelemaan oikeustieteiden opintoja avoimessa, mutta se j\u00e4ikin johdatuskurssin tasolle.<\/p>\n","protected":false},"excerpt":{"rendered":"<p>Ikuinen oppija. Aina v\u00e4h\u00e4n pihalla siit\u00e4, mihin suunnata seuraavaksi. Oman polun etsij\u00e4. Nopea innostumaan, huonompi saattamaan asiat loppuun &#8211; paitsi jos motivaatio on oikein kohdillaan. Sellainen min\u00e4 olen, aina ollut. Keskiverto koululainen lahjakkaiden oppilaiden joukossa. Usko omiin taitoihin on ollut koetuksella monta kertaa. Lukion j\u00e4lkeen hain opiskelemaan luokanopettajaksi. T\u00e4m\u00e4 tie kariutui soveltuvuuskokeeseen ja t\u00e4ss\u00e4 kohtaa [&hellip;]<\/p>\n","protected":false},"author":1,"featured_media":0,"parent":0,"menu_order":0,"comment_status":"closed","ping_status":"closed","template":"","meta":{"_mi_skip_tracking":false,"footnotes":""},"class_list":["post-41","page","type-page","status-publish","hentry"],"_links":{"self":[{"href":"https:\/\/naani.org\/index.php\/wp-json\/wp\/v2\/pages\/41","targetHints":{"allow":["GET"]}}],"collection":[{"href":"https:\/\/naani.org\/index.php\/wp-json\/wp\/v2\/pages"}],"about":[{"href":"https:\/\/naani.org\/index.php\/wp-json\/wp\/v2\/types\/page"}],"author":[{"embeddable":true,"href":"https:\/\/naani.org\/index.php\/wp-json\/wp\/v2\/users\/1"}],"replies":[{"embeddable":true,"href":"https:\/\/naani.org\/index.php\/wp-json\/wp\/v2\/comments?post=41"}],"version-history":[{"count":11,"href":"https:\/\/naani.org\/index.php\/wp-json\/wp\/v2\/pages\/41\/revisions"}],"predecessor-version":[{"id":57,"href":"https:\/\/naani.org\/index.php\/wp-json\/wp\/v2\/pages\/41\/revisions\/57"}],"wp:attachment":[{"href":"https:\/\/naani.org\/index.php\/wp-json\/wp\/v2\/media?parent=41"}],"curies":[{"name":"wp","href":"https:\/\/api.w.org\/{rel}","templated":true}]}}